{"id":109,"date":"2012-10-17T10:21:52","date_gmt":"2012-10-17T10:21:52","guid":{"rendered":"http:\/\/www.burnspage.de\/partnerschaft\/wordpress\/?page_id=109"},"modified":"2025-10-03T15:32:17","modified_gmt":"2025-10-03T13:32:17","slug":"startseite","status":"publish","type":"page","link":"https:\/\/www.bruehler-staedtefreundschaften.de\/","title":{"rendered":"Startseite"},"content":{"rendered":"<p>Hallo und herzlich willkommen auf der Website des F\u00f6rdervereins Br\u00fchler St\u00e4dtefreundschaften e.V. (FBS).<\/p>\n<p><img decoding=\"async\" loading=\"lazy\" class=\"alignleft size-thumbnail wp-image-71\" title=\"Welcome\" src=\"wp-content\/uploads\/2012\/09\/willkommensbild-150x150.jpg\" alt=\"\" width=\"150\" height=\"150\" srcset=\"https:\/\/www.bruehler-staedtefreundschaften.de\/wp-content\/uploads\/2012\/09\/willkommensbild-150x150.jpg 150w, https:\/\/www.bruehler-staedtefreundschaften.de\/wp-content\/uploads\/2012\/09\/willkommensbild-298x300.jpg 298w, https:\/\/www.bruehler-staedtefreundschaften.de\/wp-content\/uploads\/2012\/09\/willkommensbild.jpg 600w\" sizes=\"(max-width: 150px) 100vw, 150px\" \/><\/p>\n<div align=\"justify\">Unser Verein besteht seit dem 16. Oktober 2002. Damals \u00fcbernahm er von der Stadt Br\u00fchl die Aufgabe, durch regelm\u00e4\u00dfige Austauschma\u00dfnahmen im Bereich St\u00e4dtepartnerschaft den internationalen Gedanken und die V\u00f6lkerverst\u00e4ndigung zu f\u00f6rdern, getreu dem Motto &#8222;Europa gemeinsam gestalten&#8220;. \u00a0Aktuell f\u00fchlen sich ungef\u00e4hr 140 Mitglieder diesem Leitgedanken verbunden.<\/div>\n<div align=\"justify\"><\/div>\n<div align=\"justify\">Die Stadt Br\u00fchl unterh\u00e4lt zwei St\u00e4dtepartnerschaften: seit 1964 mit Sceaux\/Frankreich und seit 1973 mit Royal Leamington Spa\/Vereinigtes K\u00f6nigreich.<\/div>\n<div align=\"justify\"><\/div>\n<div align=\"justify\">In einem Jahr reisen FBS-Mitglieder an Pfingsten in die franz\u00f6sische \u00a0Partnerstadt Sceaux und empfangen im Sp\u00e4tsommer Mitglieder des Partnerschaftsvereins aus Leamington hier in Br\u00fchl. Im Folgejahr empfangen FBS-Mitglieder an Pfingsten G\u00e4ste aus Sceaux und reisen im Sp\u00e4tsommer nach Leamington. F\u00fcr jeden Aufenthalt gibt es immer ein Rahmenprogramm, das von den jeweiligen St\u00e4dten und Partnerschaftsvereinen organisiert wird. Gleichzeitig laufen diese Begegnungen auch sehr pers\u00f6nlich ab. So erfolgt die Unterbringung nicht in Hotels, sondern privat bei den jeweiligen Vereinsmitgliedern. Auf diese Weise ergeben sich immer wieder neue Freundschaften. &#8222;Altgediente&#8220; Mitglieder pflegen Freundschaften, die sich mittlerweile \u00fcber Jahrzehnte erstrecken.<\/div>\n<div align=\"justify\"><\/div>\n<div align=\"justify\">Die gemeinschaftlichen Aktivit\u00e4ten im FBS beschr\u00e4nken sich jedoch nicht auf die turnusgem\u00e4\u00dfen zwei gro\u00dfen Austauschma\u00dfnahmen. Am letzten Dienstag eines jeden Monats veranstaltet der FBS einen abendlichen Stammtisch in einem Restaurant an der R\u00f6merstra\u00dfe. Daneben hat sich auch eine FBS-Wandergruppe gebildet, welche \u00fcber das Jahr hinweg die n\u00e4here und weitere Umgebung von Br\u00fchl zu Fu\u00df erkundet. Der FBS hat auch Zugang zum &#8222;Komm mit&#8220;-Geb\u00e4ude in der Schildgesstra\u00dfe, wo Vortragsabende veranstaltet werden k\u00f6nnen.<\/div>\n<div align=\"justify\"><\/div>\n<div align=\"justify\">Neben den klassischen St\u00e4dtepartnerschaften mit Sceaux\/Frankreich und Royal Leamington Spa\/Vereinigtes K\u00f6nigreich, in die der FBS schwerpunktm\u00e4\u00dfig eingebunden ist, unterh\u00e4lt die Stadt Br\u00fchl auch Beziehungen zu anderen St\u00e4dten.<\/div>\n<div align=\"justify\"><\/div>\n<div align=\"justify\">So gibt es vier St\u00e4dtefreundschaften: mit Wei\u00dfwasser\/Oberlausitz seit 1990, mit Kunice\/Polen seit 1997, mit Chalkida\/Griechenland seit 1999 und mit Kas\/T\u00fcrkei seit 2002. Eine Projektpartnerschaft mit Battir\/Pal\u00e4stinensische Gebiete besteht seit 2018. Eine Solidarit\u00e4tspartnerschaft mit Marhanez\/Ukraine gibt es seit 2024.<\/div>\n<div align=\"justify\"><\/div>\n<div align=\"justify\">Fast alle St\u00e4dte, mit denen Br\u00fchl verbunden ist, sind am Partnerschaftsweg parallel zur Theodor-Heuss-Stra\u00dfe mit einem eigenen Baum und einem Findling, auf dem der Name der jeweiligen Stadt steht, repr\u00e4sentiert.<\/div>\n<div align=\"justify\"><\/div>\n<div align=\"justify\">Sollte Ihr Interesse an internationalem Austausch nun geweckt sein, w\u00fcnschen wir Ihnen viel Spa\u00df beim St\u00f6bern durch unsere Website. Vielleicht d\u00fcrfen wir Sie ja auch bald als Mitglied in unserem Verein begr\u00fc\u00dfen.<\/div>\n<div align=\"justify\"><\/div>\n<div align=\"justify\"><\/div>\n<div align=\"justify\">Der Vorstand<\/div>\n<div align=\"justify\">F\u00f6rderverein Br\u00fchler St\u00e4dtefreundschaften e.V. (FBS)<\/div>\n<div align=\"justify\"><\/div>\n","protected":false},"excerpt":{"rendered":"<p>Hallo und herzlich willkommen auf der Website des F\u00f6rdervereins Br\u00fchler St\u00e4dtefreundschaften e.V. (FBS). Unser Verein besteht seit dem 16. Oktober 2002. Damals \u00fcbernahm er von der Stadt Br\u00fchl die Aufgabe, durch regelm\u00e4\u00dfige Austauschma\u00dfnahmen im Bereich St\u00e4dtepartnerschaft den internationalen Gedanken und die V\u00f6lkerverst\u00e4ndigung zu f\u00f6rdern, getreu dem Motto &#8222;Europa gemeinsam gestalten&#8220;. \u00a0Aktuell f\u00fchlen sich ungef\u00e4hr 140 &hellip; <\/p>\n<p><a class=\"more-link btn\" href=\"https:\/\/www.bruehler-staedtefreundschaften.de\/\">Weiterlesen<\/a><\/p>\n","protected":false},"author":133,"featured_media":0,"parent":0,"menu_order":1,"comment_status":"open","ping_status":"open","template":"","meta":{"_uag_custom_page_level_css":"","footnotes":""},"uagb_featured_image_src":{"full":false,"thumbnail":false,"medium":false,"medium_large":false,"large":false,"1536x1536":false,"2048x2048":false,"graphene_slider":false,"graphene_featured_image":false,"post-thumbnail":false,"rpwe-thumbnail":false},"uagb_author_info":{"display_name":"Matthias Schirmeier","author_link":"https:\/\/www.bruehler-staedtefreundschaften.de\/?author=133"},"uagb_comment_info":0,"uagb_excerpt":"Hallo und herzlich willkommen auf der Website des F\u00f6rdervereins Br\u00fchler St\u00e4dtefreundschaften e.V. (FBS). Unser Verein besteht seit dem 16. Oktober 2002. Damals \u00fcbernahm er von der Stadt Br\u00fchl die Aufgabe, durch regelm\u00e4\u00dfige Austauschma\u00dfnahmen im Bereich St\u00e4dtepartnerschaft den internationalen Gedanken und die V\u00f6lkerverst\u00e4ndigung zu f\u00f6rdern, getreu dem Motto &#8222;Europa gemeinsam gestalten&#8220;. \u00a0Aktuell f\u00fchlen sich ungef\u00e4hr 140&hellip;","_links":{"self":[{"href":"https:\/\/www.bruehler-staedtefreundschaften.de\/index.php?rest_route=\/wp\/v2\/pages\/109"}],"collection":[{"href":"https:\/\/www.bruehler-staedtefreundschaften.de\/index.php?rest_route=\/wp\/v2\/pages"}],"about":[{"href":"https:\/\/www.bruehler-staedtefreundschaften.de\/index.php?rest_route=\/wp\/v2\/types\/page"}],"author":[{"embeddable":true,"href":"https:\/\/www.bruehler-staedtefreundschaften.de\/index.php?rest_route=\/wp\/v2\/users\/133"}],"replies":[{"embeddable":true,"href":"https:\/\/www.bruehler-staedtefreundschaften.de\/index.php?rest_route=%2Fwp%2Fv2%2Fcomments&post=109"}],"version-history":[{"count":20,"href":"https:\/\/www.bruehler-staedtefreundschaften.de\/index.php?rest_route=\/wp\/v2\/pages\/109\/revisions"}],"predecessor-version":[{"id":800,"href":"https:\/\/www.bruehler-staedtefreundschaften.de\/index.php?rest_route=\/wp\/v2\/pages\/109\/revisions\/800"}],"wp:attachment":[{"href":"https:\/\/www.bruehler-staedtefreundschaften.de\/index.php?rest_route=%2Fwp%2Fv2%2Fmedia&parent=109"}],"curies":[{"name":"wp","href":"https:\/\/api.w.org\/{rel}","templated":true}]}}