{"id":15,"date":"2012-09-27T11:34:04","date_gmt":"2012-09-27T11:34:04","guid":{"rendered":"http:\/\/www.burnspage.de\/partnerschaft\/wordpress\/?page_id=15"},"modified":"2025-08-10T17:39:32","modified_gmt":"2025-08-10T15:39:32","slug":"kunice","status":"publish","type":"page","link":"https:\/\/www.bruehler-staedtefreundschaften.de\/?page_id=15","title":{"rendered":"Kunice"},"content":{"rendered":"<p><img decoding=\"async\" loading=\"lazy\" class=\"alignleft size-thumbnail wp-image-55\" title=\"Kunice\" src=\"wp-content\/uploads\/2012\/09\/kunice-150x150.png\" alt=\"\" width=\"150\" height=\"150\" \/>Die polnische Freundschaftsstadt Kunice liegt in der Woiwodschaft \u00a0Niederschlesien, ungef\u00e4hr 75 Kilometer westlich von Wroclaw (Breslau). Die Einwohnerzahl betr\u00e4gt ca. 7.200. Kunice ist eine Landgemeinde, die aus 13 D\u00f6rfern besteht.<\/p>\n<p>Durch seine Lage inmitten einer von W\u00e4ldern, Wiesen und Seen gepr\u00e4gten Landschaft ist Kunice f\u00fcr Touristen attraktiv.<\/p>\n<p>Die St\u00e4dtefreundschaft zwischen Br\u00fchl und Kunice wurde am 27. April 1997 besiegelt.<\/p>\n","protected":false},"excerpt":{"rendered":"<p>Die polnische Freundschaftsstadt Kunice liegt in der Woiwodschaft \u00a0Niederschlesien, ungef\u00e4hr 75 Kilometer westlich von Wroclaw (Breslau). Die Einwohnerzahl betr\u00e4gt ca. 7.200. Kunice ist eine Landgemeinde, die aus 13 D\u00f6rfern besteht. Durch seine Lage inmitten einer von W\u00e4ldern, Wiesen und Seen gepr\u00e4gten Landschaft ist Kunice f\u00fcr Touristen attraktiv. Die St\u00e4dtefreundschaft zwischen Br\u00fchl und Kunice wurde am &hellip; <\/p>\n<p><a class=\"more-link btn\" href=\"https:\/\/www.bruehler-staedtefreundschaften.de\/?page_id=15\">Weiterlesen<\/a><\/p>\n","protected":false},"author":133,"featured_media":0,"parent":77,"menu_order":4,"comment_status":"open","ping_status":"open","template":"","meta":{"_uag_custom_page_level_css":"","footnotes":""},"uagb_featured_image_src":{"full":false,"thumbnail":false,"medium":false,"medium_large":false,"large":false,"1536x1536":false,"2048x2048":false,"graphene_slider":false,"graphene_featured_image":false,"post-thumbnail":false,"rpwe-thumbnail":false},"uagb_author_info":{"display_name":"Matthias Schirmeier","author_link":"https:\/\/www.bruehler-staedtefreundschaften.de\/?author=133"},"uagb_comment_info":0,"uagb_excerpt":"Die polnische Freundschaftsstadt Kunice liegt in der Woiwodschaft \u00a0Niederschlesien, ungef\u00e4hr 75 Kilometer westlich von Wroclaw (Breslau). Die Einwohnerzahl betr\u00e4gt ca. 7.200. Kunice ist eine Landgemeinde, die aus 13 D\u00f6rfern besteht. Durch seine Lage inmitten einer von W\u00e4ldern, Wiesen und Seen gepr\u00e4gten Landschaft ist Kunice f\u00fcr Touristen attraktiv. Die St\u00e4dtefreundschaft zwischen Br\u00fchl und Kunice wurde am&hellip;","_links":{"self":[{"href":"https:\/\/www.bruehler-staedtefreundschaften.de\/index.php?rest_route=\/wp\/v2\/pages\/15"}],"collection":[{"href":"https:\/\/www.bruehler-staedtefreundschaften.de\/index.php?rest_route=\/wp\/v2\/pages"}],"about":[{"href":"https:\/\/www.bruehler-staedtefreundschaften.de\/index.php?rest_route=\/wp\/v2\/types\/page"}],"author":[{"embeddable":true,"href":"https:\/\/www.bruehler-staedtefreundschaften.de\/index.php?rest_route=\/wp\/v2\/users\/133"}],"replies":[{"embeddable":true,"href":"https:\/\/www.bruehler-staedtefreundschaften.de\/index.php?rest_route=%2Fwp%2Fv2%2Fcomments&post=15"}],"version-history":[{"count":9,"href":"https:\/\/www.bruehler-staedtefreundschaften.de\/index.php?rest_route=\/wp\/v2\/pages\/15\/revisions"}],"predecessor-version":[{"id":787,"href":"https:\/\/www.bruehler-staedtefreundschaften.de\/index.php?rest_route=\/wp\/v2\/pages\/15\/revisions\/787"}],"up":[{"embeddable":true,"href":"https:\/\/www.bruehler-staedtefreundschaften.de\/index.php?rest_route=\/wp\/v2\/pages\/77"}],"wp:attachment":[{"href":"https:\/\/www.bruehler-staedtefreundschaften.de\/index.php?rest_route=%2Fwp%2Fv2%2Fmedia&parent=15"}],"curies":[{"name":"wp","href":"https:\/\/api.w.org\/{rel}","templated":true}]}}