{"id":17,"date":"2012-09-27T11:34:14","date_gmt":"2012-09-27T11:34:14","guid":{"rendered":"http:\/\/www.burnspage.de\/partnerschaft\/wordpress\/?page_id=17"},"modified":"2025-08-10T17:54:44","modified_gmt":"2025-08-10T15:54:44","slug":"chalkida","status":"publish","type":"page","link":"https:\/\/www.bruehler-staedtefreundschaften.de\/?page_id=17","title":{"rendered":"Chalkida"},"content":{"rendered":"<p><img decoding=\"async\" loading=\"lazy\" class=\"alignleft size-thumbnail wp-image-53\" title=\"Chalkida\" src=\"wp-content\/uploads\/2012\/09\/chalkida-150x150.png\" alt=\"\" width=\"150\" height=\"150\" \/>Die griechische Freundschaftsstadt Chalkida liegt in der Region Mittelgriechenland, ungef\u00e4hr 80 Kilometer nordwestlich von Athen. Die Einwohnerzahl betr\u00e4gt ca. 65.000. Die Stadt bietet ein kulturelles Erbe, das bis in die Antike zur\u00fcckreicht.<\/p>\n<p>Chalkida ist Hauptstadt der Insel Eub\u00f6a und heute Verwaltungs- und Handelszentrum auf beiden Seiten der Euripos-Meerenge. \u00dcber moderne Stra\u00dfen- und Bahnverbindungen gelangt man in ungef\u00e4hr einer Stunde nach Athen.<\/p>\n<p>Die St\u00e4dtefreundschaft zwischen Br\u00fchl und Chalkida wurde am 4. Dezember 1999 besiegelt.<\/p>\n","protected":false},"excerpt":{"rendered":"<p>Die griechische Freundschaftsstadt Chalkida liegt in der Region Mittelgriechenland, ungef\u00e4hr 80 Kilometer nordwestlich von Athen. Die Einwohnerzahl betr\u00e4gt ca. 65.000. Die Stadt bietet ein kulturelles Erbe, das bis in die Antike zur\u00fcckreicht. Chalkida ist Hauptstadt der Insel Eub\u00f6a und heute Verwaltungs- und Handelszentrum auf beiden Seiten der Euripos-Meerenge. \u00dcber moderne Stra\u00dfen- und Bahnverbindungen gelangt man &hellip; <\/p>\n<p><a class=\"more-link btn\" href=\"https:\/\/www.bruehler-staedtefreundschaften.de\/?page_id=17\">Weiterlesen<\/a><\/p>\n","protected":false},"author":133,"featured_media":0,"parent":77,"menu_order":5,"comment_status":"open","ping_status":"open","template":"","meta":{"_uag_custom_page_level_css":"","footnotes":""},"uagb_featured_image_src":{"full":false,"thumbnail":false,"medium":false,"medium_large":false,"large":false,"1536x1536":false,"2048x2048":false,"graphene_slider":false,"graphene_featured_image":false,"post-thumbnail":false,"rpwe-thumbnail":false},"uagb_author_info":{"display_name":"Matthias Schirmeier","author_link":"https:\/\/www.bruehler-staedtefreundschaften.de\/?author=133"},"uagb_comment_info":0,"uagb_excerpt":"Die griechische Freundschaftsstadt Chalkida liegt in der Region Mittelgriechenland, ungef\u00e4hr 80 Kilometer nordwestlich von Athen. Die Einwohnerzahl betr\u00e4gt ca. 65.000. Die Stadt bietet ein kulturelles Erbe, das bis in die Antike zur\u00fcckreicht. Chalkida ist Hauptstadt der Insel Eub\u00f6a und heute Verwaltungs- und Handelszentrum auf beiden Seiten der Euripos-Meerenge. \u00dcber moderne Stra\u00dfen- und Bahnverbindungen gelangt man&hellip;","_links":{"self":[{"href":"https:\/\/www.bruehler-staedtefreundschaften.de\/index.php?rest_route=\/wp\/v2\/pages\/17"}],"collection":[{"href":"https:\/\/www.bruehler-staedtefreundschaften.de\/index.php?rest_route=\/wp\/v2\/pages"}],"about":[{"href":"https:\/\/www.bruehler-staedtefreundschaften.de\/index.php?rest_route=\/wp\/v2\/types\/page"}],"author":[{"embeddable":true,"href":"https:\/\/www.bruehler-staedtefreundschaften.de\/index.php?rest_route=\/wp\/v2\/users\/133"}],"replies":[{"embeddable":true,"href":"https:\/\/www.bruehler-staedtefreundschaften.de\/index.php?rest_route=%2Fwp%2Fv2%2Fcomments&post=17"}],"version-history":[{"count":9,"href":"https:\/\/www.bruehler-staedtefreundschaften.de\/index.php?rest_route=\/wp\/v2\/pages\/17\/revisions"}],"predecessor-version":[{"id":791,"href":"https:\/\/www.bruehler-staedtefreundschaften.de\/index.php?rest_route=\/wp\/v2\/pages\/17\/revisions\/791"}],"up":[{"embeddable":true,"href":"https:\/\/www.bruehler-staedtefreundschaften.de\/index.php?rest_route=\/wp\/v2\/pages\/77"}],"wp:attachment":[{"href":"https:\/\/www.bruehler-staedtefreundschaften.de\/index.php?rest_route=%2Fwp%2Fv2%2Fmedia&parent=17"}],"curies":[{"name":"wp","href":"https:\/\/api.w.org\/{rel}","templated":true}]}}